{"id":32,"date":"2011-12-22T20:39:20","date_gmt":"2011-12-22T20:39:20","guid":{"rendered":"http:\/\/www.literarut.de\/wordpress\/?page_id=32"},"modified":"2018-02-01T13:56:42","modified_gmt":"2018-02-01T13:56:42","slug":"kontaktimpressum","status":"publish","type":"page","link":"http:\/\/www.literatur.ungarisches-institut.de\/?page_id=32","title":{"rendered":"Impressum"},"content":{"rendered":"<hr \/>\n<p class=\"Absatz1\">Ungarisches Institut M\u00fcnchen e.V.<br \/>\nOberf\u00f6hringer Str. 40<br \/>\n81925 M\u00fcnchen<\/p>\n<p><strong>Eingetragen am Amtsgericht M\u00fcnchen VR 6847<\/strong><\/p>\n<p>&nbsp;<\/p>\n<h4>Gesch\u00e4ftsstelle:<\/h4>\n<p class=\"Absatz1\">Ungarisches Institut M\u00fcnchen e.V.<br \/>\nLandshuter Str. 4, 93047 Regensburg<br \/>\nTel. 0941 \/ 943 5440, FAX 0941 \/ 943 5441<\/p>\n<p>&nbsp;<\/p>\n<h4 class=\"Absatz1\">Vorstand:<\/h4>\n<p class=\"Absatz1\">Dr. Zsolt K. Lengyel<br \/>\nDr. Ralf Thomas G\u00f6llner<br \/>\nProf. Dr. Horst Glassl<\/p>\n<p>&nbsp;<\/p>\n<p class=\"Absatz1\">Webmaster: Dr. Ralf Thomas G\u00f6llner<\/p>\n<h3><strong>Haftungsausschluss (Disclaimer):<\/strong><\/h3>\n<h5 class=\"Absatz1\">1. Inhalt des Online-Angebots:<\/h5>\n<p class=\"Absatz1\">Die Bereitstellung s\u00e4mtlicher Inhalte und Angaben auf den Internetseiten des Ungarischen Instituts erfolgt ohne Gew\u00e4hr hinsichtlich der Vollst\u00e4ndigkeit, Aktualit\u00e4t und Richtigkeit dieser Angaben. Haftungsanspr\u00fcche gegen den Autor oder das Institut, welche sich auf Sch\u00e4den materieller oder ideeller Art beziehen, die durch die Nutzung oder Nichtnutzung der dargebotenen Informationen bzw. durch die Nutzung fehlerhafter und unvollst\u00e4ndiger Informationen verursacht wurden, sind grunds\u00e4tzlich ausgeschlossen, sofern seitens des Autors oder Instituts kein nachweislich vors\u00e4tzliches oder grob fahrl\u00e4ssiges Verschulden vorliegt. Das Ungarische Institut beh\u00e4lt es sich vor, Teile der Seiten oder das gesamte Angebot ohne gesonderte Ank\u00fcndigung zu ver\u00e4ndern, zu erg\u00e4nzen zu l\u00f6schen oder die Ver\u00f6ffentlichung zeitweise oder endg\u00fcltig einzustellen.<\/p>\n<h5 class=\"Absatz1\">2. Urheberrecht<\/h5>\n<p class=\"Absatz1\">Das Ungarische Institut ist bestrebt, in allen Publikationen die Urheberrechte der verwendeten Grafiken, Sounds und Texte zu beachten, von ihm selbst erstellte Grafiken, Sounds und Texte zu nutzen oder auf lizenzfreie Grafiken, Sounds und Texte zur\u00fcckzugreifen. Sollte sich auf den jeweiligen Seiten dennoch eine ungekennzeichnete, aber durch fremdes Copyright gesch\u00fctzte Grafik, ein Sound oder Text befinden, so konnte das Copyright nicht festgestellt werden. Im Falle einer solchen unbeabsichtigten Copyrightverletzung wird das Ungarische Institut das entsprechende Objekt nach Benachrichtigung aus derPublikation entfernen bzw. mit dem entsprechenden Copyright kenntlich machen.<\/p>\n<p class=\"Absatz1\">S\u00e4mtliche Inhalte der Internetseiten unterliegen dem Urheber- oder Verwertungsrecht des Ungarischen Instituts bzw. des Verlags Ungarisches Institut. Der Nutzer ist lediglich berechtigt, die Inhalte in der zur Verf\u00fcgung gestellten Form bestimmungsgem\u00e4\u00df einzusehen. Im \u00fcbrigen beh\u00e4lt sich das Ungarische Institut bzw. der Verlag Ungarisches Institut alle Rechte vor. Insbesondere d\u00fcrfen Nachdruck, Aufnahme in Onlinedienste und Internet sowie Vervielf\u00e4ltigungen auf Datentr\u00e4gern nur nach vorheriger schriftlicher Zustimmung erfolgen; eine Ausnahme gilt lediglich bei pers\u00f6nlichem Gebrauch. Ein Ausdruck der Materialien, insbesondere der Einladungen, Programme und des Katalogs ist ausdr\u00fccklich erlaubt.<\/p>\n<p class=\"Absatz1\">Eine Verlinkung auf die Internetseiten des Ungarischen Instituts dergestalt, da\u00df neben den Internetseiten noch andere Inhalte f\u00fcr den Benutzer auf dem Bildschirm erscheinen (z.B. durch sogenannte Frames) oder der Eindruck entsteht, die Internetseiten seien einem Dritten zurechenbar (sog. Deeplinks) bedarf ebenfalls der vorherigen schriftlichen Zustimmung.<\/p>\n<p class=\"Absatz1\">Die auf der Website genannten Software-Bezeichnungen und Markennamen der jeweiligen Firmen unterliegen im allgemeinen warenzeichen-, marken- oder patentrechtlichem Schutz. Alle dargestellten &#8222;Fremdlogos&#8220; und Bilder sind Copyright und Eigentum der entsprechenden Firmen und\/oder Personen.<\/p>\n<p class=\"Absatz1\">Alle innerhalb des Internetangebotes genannten und ggf. durch Dritte gesch\u00fctzten Marken- und Warenzeichen unterliegen uneingeschr\u00e4nkt den Bestimmungen des jeweils g\u00fcltigen Kennzeichenrechts und den Besitzrechten der jeweiligen eingetragenen Eigent\u00fcmer. Allein aufgrund der blo\u00dfen Nennung ist nicht der Schlu\u00df zu ziehen, dass Markenzeichen nicht durch Rechte Dritter gesch\u00fctzt sind!<\/p>\n<p class=\"Absatz1\">Sollte der Inhalt dieser Homepage gegen Rechte Dritter versto\u00dfen, so teilen Sie dies umgehend per Mail mit. Damit sollte ausreichend Gelegenheit gegeben sein, uns etwaige Bedenken mitzuteilen. Dies gilt insbesondere f\u00fcr die verantwortlichen Personen, die &#8222;Massen-Abmahnungen&#8220; verschicken. Dies ist hier nicht notwendig, da wir jederzeit und ohne Widerstand bereit sind, berechtigt beanstandeten Inhalte zu entfernen!<\/p>\n<h5 class=\"Absatz1\">3. Wichtiger Hinweis zu allen Links unserer Homepage<\/h5>\n<p class=\"Absatz1\">Mit Urteil vom 12.5.1998 (Aktenz. 312 O 85\/98) hat das Landgericht (LG) Hamburg entschieden, da\u00df man durch Ausbringung von Links auf seiner Homepage die Inhalte der gelinkten Seite u. U. mit zu verantworten hat. Dies kann (lt. LG) nur dadurch verhindert werden, da\u00df man sich ausdr\u00fccklich von diesen Inhalten distanziert. Hiermit distanzieren wir uns (erneut) ausdr\u00fccklich von allen Inhalten aller auf unserer Homepage gelinkten Seiten. Diese Erkl\u00e4rung gilt f\u00fcr alle auf unserer Homepage gesetzten Links.<\/p>\n<p class=\"Absatz1\">Sofern Teile oder einzelne Formulierungen dieses Textes der geltenden Rechtslage nicht, nicht mehr oder nicht vollst\u00e4ndig entsprechen sollten, bleiben die \u00fcbrigen Teile des Dokumentes in ihrem Inhalt und ihrer G\u00fcltigkeit davon unber\u00fchrt.<\/p>\n<p class=\"Absatz1\">Beachten Sie auch den zweisprachigen <a class=\"link3\" href=\"http:\/\/www.disclaimer.de\/disclaimer.htm\" target=\"_blank\" rel=\"noopener noreferrer\">Haftungsausschlu\u00df<\/a>, dem wir uns uneingeschr\u00e4nkt anschlie\u00dfen.<\/p>\n","protected":false},"excerpt":{"rendered":"<p>Ungarisches Institut M\u00fcnchen e.V. Oberf\u00f6hringer Str. 40 81925 M\u00fcnchen Eingetragen am Amtsgericht M\u00fcnchen VR 6847 &nbsp; Gesch\u00e4ftsstelle: Ungarisches Institut M\u00fcnchen e.V. Landshuter Str. 4, 93047 Regensburg Tel. 0941 \/ 943 5440, FAX 0941 \/ 943 5441 &nbsp; Vorstand: Dr. Zsolt &hellip; <a href=\"http:\/\/www.literatur.ungarisches-institut.de\/?page_id=32\">Weiterlesen <span class=\"meta-nav\">&rarr;<\/span><\/a><\/p>\n","protected":false},"author":3,"featured_media":0,"parent":0,"menu_order":6,"comment_status":"closed","ping_status":"closed","template":"","meta":[],"_links":{"self":[{"href":"http:\/\/www.literatur.ungarisches-institut.de\/index.php?rest_route=\/wp\/v2\/pages\/32"}],"collection":[{"href":"http:\/\/www.literatur.ungarisches-institut.de\/index.php?rest_route=\/wp\/v2\/pages"}],"about":[{"href":"http:\/\/www.literatur.ungarisches-institut.de\/index.php?rest_route=\/wp\/v2\/types\/page"}],"author":[{"embeddable":true,"href":"http:\/\/www.literatur.ungarisches-institut.de\/index.php?rest_route=\/wp\/v2\/users\/3"}],"replies":[{"embeddable":true,"href":"http:\/\/www.literatur.ungarisches-institut.de\/index.php?rest_route=%2Fwp%2Fv2%2Fcomments&post=32"}],"version-history":[{"count":32,"href":"http:\/\/www.literatur.ungarisches-institut.de\/index.php?rest_route=\/wp\/v2\/pages\/32\/revisions"}],"predecessor-version":[{"id":4415,"href":"http:\/\/www.literatur.ungarisches-institut.de\/index.php?rest_route=\/wp\/v2\/pages\/32\/revisions\/4415"}],"wp:attachment":[{"href":"http:\/\/www.literatur.ungarisches-institut.de\/index.php?rest_route=%2Fwp%2Fv2%2Fmedia&parent=32"}],"curies":[{"name":"wp","href":"https:\/\/api.w.org\/{rel}","templated":true}]}}