{"id":11,"date":"2011-12-22T20:27:19","date_gmt":"2011-12-22T20:27:19","guid":{"rendered":"http:\/\/www.literarut.de\/wordpress\/?page_id=11"},"modified":"2018-02-01T13:54:58","modified_gmt":"2018-02-01T13:54:58","slug":"der-verein","status":"publish","type":"page","link":"http:\/\/www.literatur.ungarisches-institut.de\/?page_id=11","title":{"rendered":"Der fr\u00fchere Tr\u00e4gerverein"},"content":{"rendered":"<hr \/>\n<p><strong>Kontakt:<\/strong><\/p>\n<p>&#8222;Ehinger Bibliothek &#8211; Ungarische Literatur in deutscher Sprache \/ Ehingeni k\u00f6nyvt\u00e1r Magyar irodalom n\u00e9met nyelven\u201c<br \/>\nGudrun &amp; Dr. Wolf Brzoska<br \/>\nGoethestr. 1<br \/>\n89584 Ehingen<br \/>\nTel.\/Fax: 0049-(0)7391\/6650<br \/>\nE-Mail: <a href=\"mailto:ungarnliteratur-deutsch@web.de\">ungarnliteratur-deutsch@web.de<\/a><br \/>\nInhaltlich verantwortlich gem\u00e4\u00df \u00a7 6 MDStV: Gudrun &amp; Dr. Wolf Brzoska<br \/>\nGestaltung der Website und redaktionelle Betreuung: Ruth Kintrup<\/p>\n<h3><strong>Vorstand:<\/strong><\/h3>\n<p>Dr. med. Christian Gaal, Pr\u00e4sident<br \/>\nGudrun Brzoska, Bibliotheksleitung (2. Vorstand)<br \/>\nDr. phil. nat. Hans Wolfgang Brzoska, Sekretariat<br \/>\nPaul Guter, Qu\u00e4stor<br \/>\nMarika Kottsieper, Beisitzende<br \/>\nRuth Kintrup, Beisitzende<br \/>\nFrau Doz. Dr. Katalin \u00c1rkossy von der ELTE-Universit\u00e4t Budapest wurde zum Ehrenmitglied unserer Gesellschaft gew\u00e4hlt.<\/p>\n<p><strong>&#8222;Ehinger Bibliothek &#8211; Ungarische Literatur in deutscher Sprache \/ Ehingeni k\u00f6nyvt\u00e1r Magyar irodalom n\u00e9met nyelven\u201c eV<\/strong><\/p>\n<p>Die urspr\u00fcnglich in Privatbesitz befindliche Spezialsammlung wurde durch die Gr\u00fcndung der gemeinn\u00fctzigen Gesellschaft am\u00a031. Januar 2009 institutionalisiert. Wir sind Mitglied der \u201eArbeitsgemeinschaft der Spezialbibliotheken in Deutschland\u201c sowie der &#8222;Arbeitsgemeinschaft der Bibliotheken und Dokumentationsstellen der Ost-, Ostmittel- und S\u00fcdosteuropaforschung e.V&#8220; (<a href=\"http:\/\/www.abdos.de\/\" target=\"_blank\" rel=\"noopener\">ABDOS<\/a>).<\/p>\n<p>N\u00e4here Informationen zu unserer Gesellschaft finden Sie in der <a href=\"http:\/\/www.literatur.ungarisches-institut.de\/wp-content\/uploads\/2012\/01\/satzung.pdf\">Satzung<\/a> (PDF).<\/p>\n<p>Wenn\u00a0Sie Mitglied bei uns werden m\u00f6chten, f\u00fcllen Sie einfach die <a href=\"http:\/\/www.literatur.ungarisches-institut.de\/wp-content\/uploads\/2012\/01\/beitritt.pdf\" target=\"_blank\" rel=\"noopener\">Beitrittserkl\u00e4rung<\/a> (PDF) aus und schicken diese unterschrieben an die unter <a title=\"Impressum\/Kontakt\" href=\"http:\/\/www.literatur.ungarisches-institut.de\/?page_id=32\">Impressum\/Kontakt<\/a> aufgef\u00fchrte\u00a0Adresse.<\/p>\n<p><strong>Gru\u00dfbotschaften zum 31. Januar 2009:<\/strong><\/p>\n<p>Oberb\u00fcrgermeister Johann Krieger: w\u00fcnscht uns Gl\u00fcck, Erfolg und Freude und stellt fest, dass wir mit dieser 500 B\u00e4nde umfassenden Bibliothek einen weiteren bedeutsamen Mosaikstein in das Bild des zusammenwachsenden Europa entlang der Donau legen.<\/p>\n<p>S.E. Generalkonsul J\u00f3zsef Kov\u00e1cs aus M\u00fcnchen: ist dankbar und freut sich \u00fcber die Gr\u00fcndung unserer Bibliothek, auch f\u00fcr ihn sei die w\u00fcrdige Pr\u00e4sentation Ungarns ein gro\u00dfes Anliegen. Er ist \u00fcberzeugt, dass unser Engagement einen erheblichen Beitrag zur deutsch-ungarischen kulturellen Freundschaft leisten wird. Er w\u00fcnscht uns viel Freude und Erfolg<\/p>\n<p>Kulturinstitut der Republik Ungarn, Stuttgart, Tibor Keresztury: schreibt, dass er seit Jahren vom Engagement und der Liebe zu ungarischer Literatur, mit der die Privatbibliothek aufgebaut wurde, begeistert ist. Er z\u00e4hlt die B\u00fcchersammlung zur derzeit gr\u00f6\u00dften privaten deutschsprachigen Sammlung der ungarischen Gegenwartsliteratur und findet es eine grandiose Idee, die B\u00fccher f\u00fcr Fachleute und Interessenten zug\u00e4nglich zu machen. Erw\u00fcnscht weiterhin viel Kraft, Ausdauer, Freude und Spa\u00df an diesem einzigartigen Projekt.<\/p>\n<p>Bundesvorsitzender des \u201eVerbands deutscher Schriftsteller, Imre T\u00f6r\u00f6k: verfolgt seit Jahren das hervorragende private Engagement f\u00fcr die ungarische Literatur in deutscher Sprache. Literatur lebe nicht nur, weil sie geschrieben ist, sondern weil es begeisterte Menschen g\u00e4be, die sie lesen und f\u00fcr ihre Verbreitung sorgen. Er w\u00fcrdigt die Initiative als Dienst an der V\u00f6lkerverst\u00e4ndigung, die gleichzeitig auch den historisch guten und engen Kontakt zwischen Ungarn und Deutschland unterstreicht. Er w\u00fcnscht, dass die \u201eSpezialbibliothek\u201c weiter dazu beitrage Grenzen zu \u00fcberbr\u00fccken und V\u00f6lkerfreundschaften zu festigen.<\/p>\n<p>Gy\u00f6rgy Dalos, Schriftsteller, Berlin: beginnt mit dem Lyriker Dezs\u00f6 Kosztol\u00e1nyi, der die mangelnde Wahrnehmung der ungarischen Literatur im Ausland beklagt hatte. Inzwischen sei es der ungarischen Literatur allerdings gelungen, die sprachliche Isolierung zu \u00fcberwinden. Die Belletristik habe sich immer weiter in Europa integriert. H\u00f6hepunkt und eindeutiges Signal war die Verleihung des Nobelpreises an Imre Kert\u00e9sz. J\u00e4hrlich erscheinen 12 \u2013 25 B\u00fccher ungarischer Autorinnen und Autoren auf dem deutschen Markt. Das Sammeln literarischer Werke aus seinem Land, Ungarn, sei zweifellos eine Kulturtat \u2013 und private und pers\u00f6nliche Bewegungen in dieser Richtung seien oft wichtiger als die offiziellen. Er h\u00e4lt unsere Initiative f\u00fcr \u00e4u\u00dferst wichtig und w\u00fcnscht uns immer B\u00fccher \u2013 und unseren B\u00fcchern immer mehr Leser.<\/p>\n<p>Ministerialrat Treufried Grau a. D. Kultusministerium Stuttgart: freut sich, dass die Gr\u00fcndung des Vereins zu rasch zu Stande kam und damit ein geeigneter Weg f\u00fcr die gro\u00dfartige Sammlung in die Zukunft gefunden wurde. Er freut sich auch, dass dies gerade in Baden-W\u00fcrttemberg geschieht, dem Bundesland, das mehr als jedes andere in dieser Arbeit engagiert ist.<\/p>\n<p>Zsuzsanna Gahse, Schriftstellerin: begl\u00fcckw\u00fcnscht uns zu der sch\u00f6nen Idee und zur Sammlung. Sie stellt in Aussicht, uns doppelte B\u00fccher zu schenken. Gleichzeitig macht sie auf die gro\u00dfartige Bibliografie des Sammlers Werner Schweikert aufmerksam. (Dessen Arbeit hatte allerdings ganz andere Schwerpunkte als die unsere hier \u2013 wir arbeiten aber mit diesem Werk).<\/p>\n<p>Dr. Katalin \u00c1rkossy, ELTE-Universit\u00e4t, Budapest: ist total begeistert, dass wir solch eine Sammlung auf die Beine gestellt haben. Noch mehr freut sie sich als ungarische Germanistin dar\u00fcber, dass nun viele Leute, die kein Ungarisch sprechen, die ungarische Literatur kennen lernen k\u00f6nnten. F\u00fcr sie sei es eine Ehre, dass wir an sie als Ehrenmitglied gedacht h\u00e4tten<\/p>\n<p>Dr. Zsuzsa Z\u00f6ld\u00e1g &amp; Dr. Tibor Abraham schreiben uns als Freunde aber auch offiziell im Namen der Handelsabteilung des Generalkonsulats der Republik Ungarn und gratulieren von Herzen. Sie wissen, wie viel Arbeit, Flei\u00df und Anstrengung hinter diesem Ereignis steckt. Besonders bewundern sie, dass wir uns so f\u00fcr Ungarn engagieren, wie mancher Ungar nicht. Gleichzeitig w\u00fcnschen sie f\u00fcr Ungarn, dass noch einige Leute so viel f\u00fcr dieses Land tun sollten, wie wir.<\/p>\n<p>Viele Freunde und Interessierte \u00e4u\u00dferten sich schriftlich und m\u00fcndlich: sie begl\u00fcckw\u00fcnschen uns und w\u00fcnschen alles Gute.<\/p>\n<p>&nbsp;<\/p>\n","protected":false},"excerpt":{"rendered":"<p>Kontakt: &#8222;Ehinger Bibliothek &#8211; Ungarische Literatur in deutscher Sprache \/ Ehingeni k\u00f6nyvt\u00e1r Magyar irodalom n\u00e9met nyelven\u201c Gudrun &amp; Dr. Wolf Brzoska Goethestr. 1 89584 Ehingen Tel.\/Fax: 0049-(0)7391\/6650 E-Mail: ungarnliteratur-deutsch@web.de Inhaltlich verantwortlich gem\u00e4\u00df \u00a7 6 MDStV: Gudrun &amp; Dr. Wolf Brzoska &hellip; <a href=\"http:\/\/www.literatur.ungarisches-institut.de\/?page_id=11\">Weiterlesen <span class=\"meta-nav\">&rarr;<\/span><\/a><\/p>\n","protected":false},"author":3,"featured_media":0,"parent":9,"menu_order":3,"comment_status":"closed","ping_status":"closed","template":"","meta":[],"_links":{"self":[{"href":"http:\/\/www.literatur.ungarisches-institut.de\/index.php?rest_route=\/wp\/v2\/pages\/11"}],"collection":[{"href":"http:\/\/www.literatur.ungarisches-institut.de\/index.php?rest_route=\/wp\/v2\/pages"}],"about":[{"href":"http:\/\/www.literatur.ungarisches-institut.de\/index.php?rest_route=\/wp\/v2\/types\/page"}],"author":[{"embeddable":true,"href":"http:\/\/www.literatur.ungarisches-institut.de\/index.php?rest_route=\/wp\/v2\/users\/3"}],"replies":[{"embeddable":true,"href":"http:\/\/www.literatur.ungarisches-institut.de\/index.php?rest_route=%2Fwp%2Fv2%2Fcomments&post=11"}],"version-history":[{"count":32,"href":"http:\/\/www.literatur.ungarisches-institut.de\/index.php?rest_route=\/wp\/v2\/pages\/11\/revisions"}],"predecessor-version":[{"id":4413,"href":"http:\/\/www.literatur.ungarisches-institut.de\/index.php?rest_route=\/wp\/v2\/pages\/11\/revisions\/4413"}],"up":[{"embeddable":true,"href":"http:\/\/www.literatur.ungarisches-institut.de\/index.php?rest_route=\/wp\/v2\/pages\/9"}],"wp:attachment":[{"href":"http:\/\/www.literatur.ungarisches-institut.de\/index.php?rest_route=%2Fwp%2Fv2%2Fmedia&parent=11"}],"curies":[{"name":"wp","href":"https:\/\/api.w.org\/{rel}","templated":true}]}}